{"id":2247,"date":"2025-03-31T13:47:02","date_gmt":"2025-03-31T13:47:02","guid":{"rendered":"https:\/\/ohk.caissa-eenhoorn.nl\/wordpress\/?page_id=2247"},"modified":"2025-04-26T12:52:04","modified_gmt":"2025-04-26T12:52:04","slug":"informationen-auf-deutsch","status":"publish","type":"page","link":"https:\/\/ohk.caissa-eenhoorn.nl\/wordpress\/informatie\/informationen-auf-deutsch\/","title":{"rendered":"Informationen"},"content":{"rendered":"<p>&nbsp;<\/p>\n<table style=\"height: 341px;\" width=\"571\">\n<tbody>\n<tr>\n<td style=\"width: 574px;\"><img loading=\"lazy\" decoding=\"async\" class=\"aligncenter\" src=\"http:\/\/caissa-eenhoorn.nl\/wordpress\/wp-content\/uploads\/2015\/03\/TaborOR2.jpg\" alt=\"TaborOR\" width=\"398\" height=\"121\" \/><\/td>\n<\/tr>\n<tr>\n<td style=\"width: 574px;\" align=\"center\">\n<p style=\"text-align: center;\"><img loading=\"lazy\" decoding=\"async\" class=\"alignleft\" src=\"http:\/\/caissa-eenhoorn.nl\/wordpress\/wp-content\/uploads\/2015\/03\/ce.png\" alt=\"Ca\u00efssa-Eenhoorn\" width=\"134\" height=\"154\" \/><strong>\u00a0 Oscar Romero<\/strong><img loading=\"lazy\" decoding=\"async\" class=\"alignright wp-image-1201\" src=\"https:\/\/ohk.caissa-eenhoorn.nl\/wordpress\/wp-content\/uploads\/2021\/05\/nhsb.png\" alt=\"\" width=\"141\" height=\"149\" \/><br \/>\n<strong>Open Hoorns Kampioenschap<br \/>\nen<br \/>\n<\/strong><strong> Individueel<br \/>\n<\/strong><strong>Kampioenschap NHSB<br \/>\n<\/strong><strong>2025<\/strong><\/p>\n<\/td>\n<\/tr>\n<\/tbody>\n<\/table>\n<p>Der Schachverband Ca\u00efssa-Eenhoorn aus Hoorn organisiert dieses Wochenendturnier zusammen mit dem Tabor College Oscar Romero. Das Turnier wird zum neunten Mal organisiert und die Ergebnisse werden der FIDE-Bewertungsverarbeitung vorgelegt.<\/p>\n<p><strong>Spielort<\/strong><\/p>\n<p>Das Turnier wird am Wochenende von Freitag, 22. August, bis Sonntag, 24. August 2025, im Auditorium des Oscar Romero-Standortes ausgetragen. Die Adresse der Schule lautet Bouwsteen 1, 1625 PD in Hoorn (an der Ecke Westerblok und Blokmergouw, hinter dem Bauernrestaurant De Nadorst).<\/p>\n<p><strong>Turnierinformationen und Preise<\/strong><br \/>\nAnmeldung: Freitag, 22. August: zwischen 12:30 und 13:15 Uhr im Oscar Romero Auditorium (Raum \u00f6ffnet um 12:30 Uhr). Wenn in Runde 1 ein Freilos enthalten ist, m\u00fcssen Sie sich am Freitagabend vor Beginn von Runde 2 anmelden.<\/p>\n<p>Es werden sechs Runden Swiss gespielt:<br \/>\nFreitag, 22. August; erste Runde: 14:00 Uhr, zweite Runde: 19:30 Uhr<br \/>\nSamstag, 23. August; dritte Runde: 10:00 Uhr (Raum\u00f6ffnung: 9:30 Uhr), vierte Runde: 15:00 Uhr<br \/>\nSonntag, 24. August; f\u00fcnfte Runde: 10:00 Uhr (T\u00fcr\u00f6ffnung: 9:30 Uhr) und sechste Runde: 15:00 Uhr. Nach dem letzten Spiel findet die Siegerehrung statt.<\/p>\n<p>Das Spieltempo betr\u00e4gt 90 Minuten pro Spieler und Spiel mit einer Steigerung von 30 Sekunden pro Zug. Das Anfertigen von Notizen ist bis einschlie\u00dflich zum letzten Zug der Partie Pflicht. Ein \u201eBye\u201c kann einmal und nur bis einschlie\u00dflich der vierten Runde verwendet werden, f\u00fcr die ein halber Punkt vergeben wird.<\/p>\n<p>Das Spiel wird je nach Teilnehmerzahl in drei oder vier Gruppen gespielt. Es gibt maximal 200 Teilnehmer.<\/p>\n<p>Die Einteilung in Gruppen erfolgt durch die Organisation anhand der Bewertungen der Teilnehmer so, dass eine ausreichende Bewertungsstreuung besteht und ann\u00e4hernd gleich gro\u00dfe Gruppen entstehen. Es wird einige \u00dcberschneidungen zwischen den Gruppen geben. Eine Pr\u00e4ferenz f\u00fcr eine bestimmte Gruppe kann bei der Anmeldung angegeben werden.<\/p>\n<p>In jeder Spielgruppe stehen drei Geldpreise sowie Bewertungspreise zur Verf\u00fcgung. Der Hauptpreis in Gruppe A betr\u00e4gt garantiert 800 \u20ac.<br \/>\nAlle Ergebnisse werden zur Bewertungsverarbeitung an den KNSB und die FIDE weitergeleitet.<\/p>\n<p>Organisationskomitee: Robbert van Dijkhuizen, Sernin van de Krol, Rinus van de Krol und Ardjan Langedijk<\/p>\n<p>Wettbewerbsleitung und Klassifizierung: IA Sernin van de Krol<\/p>\n<p>E-Mail: openhoorns@caissa-eenhoorn.nl<br \/>\nTelefon: (+) 31 6 \u2013 42 23 51 30<br \/>\nZur Anmeldung<\/p>\n<p><strong>Teilnehmerliste<\/strong>: <a href=\"https:\/\/ohk.caissa-eenhoorn.nl\/wordpress\/deelnemers\/\">Siehe hier<\/a>.<\/p>\n<p><strong>Einrichtungen<\/strong><br \/>\nW\u00e4hrend des Turniers stehen Kaffee, Tee, alkoholfreie Getr\u00e4nke, Erfrischungen, verschiedene Sandwiches und Snacks zur Verf\u00fcgung. Es ist m\u00f6glich, ein Essen f\u00fcr Freitagabend zu bestellen bei: Ein Bestellformular ist an der Bar im Analyseraum (Personalraum) erh\u00e4ltlich.<\/p>\n<p>F\u00fcr Autos stehen ausreichend Parkpl\u00e4tze auf dem Schulparkplatz und f\u00fcr Fahrr\u00e4der auf dem Schulgel\u00e4nde zur Verf\u00fcgung. Busverbindungen von und nach Oscar Romero finden Sie unter https:\/\/www.connexxion.nl.  Die Linie 132 h\u00e4lt an der Haltestelle Oscar Romero. Vom Bahnhof Hoorn-Kersenboogerd sind es 15 Minuten zu Fu\u00df zum Oscar Romero.<br \/>\nOscar Romero ist eine rauchfreie Schule. Daher ist das Rauchen in der Schule und auf dem Schulgel\u00e4nde nicht gestattet.<\/p>\n<p><strong>Bericht<\/strong><br \/>\nNur \u00fcber diese Website (<a href=\"https:\/\/ohk.caissa-eenhoorn.nl\/wordpress\/anmeldung\/\">siehe hier<\/a>) bis Donnerstag, 21. August 2025. Die Anmeldung ist nur wirksam, wenn gleichzeitig die Anmeldegeb\u00fchr bezahlt wird. Nach der Registrierung werden Sie auf eine Seite weitergeleitet, auf der Sie direkt \u00fcber iDEAL bezahlen k\u00f6nnen.<br \/>\nDie Anmeldegeb\u00fchr kann auch an folgende Adresse \u00fcberwiesen werden: NL46RABO0102983836. Schachverein Ca\u00efssa-Eenhoorn mit Angabe \u201aTeilnahme OHK 2025\u2018.<br \/>\nAnmeldegeb\u00fchr: 35 \u20ac; Jugendliche bis 18 Jahre: 25 \u20ac. GM und IM zahlen keine Anmeldegeb\u00fchr.<\/p>\n<p><strong>Wettbewerbsregeln<\/strong><br \/>\nDie Wettbewerbsregeln sind <a href=\"https:\/\/caissa-eenhoorn.nl\/wordpress\/?page_id=701\">hier<\/a> verf\u00fcgbar (wird noch aktualisiert).<\/p>\n<p><strong>\u00dcbernachtungsm\u00f6glichkeiten<\/strong><br \/>\nDie folgenden zwei kleinen Hotels, beide im alten Zentrum von Hoorn gelegen, bieten g\u00fcnstige \u00dcbernachtungsm\u00f6glichkeiten:<br \/>\nhttps:\/\/www.keizerskroonhoorn.nl\/<br \/>\nhttps:\/\/hotel-oostereiland.nl\/ <\/p>\n<p>Dar\u00fcber hinaus gibt es etwas au\u00dferhalb von Hoorn ein gr\u00f6\u00dferes Hotel mit mehr Einrichtungen zu h\u00f6heren Preisen:<br \/>\nhttps:\/\/www.hotelhoorn.com\/<\/p>\n<p><strong>Tourismus in Hoorn und Umgebung<\/strong><br \/>\nWenn Sie die Teilnahme an unserem Turnier mit einem l\u00e4ngeren Aufenthalt in Hoorn und der Region kombinieren, m\u00f6chten wir Sie auf die folgenden touristischen Highlights hinweisen. Hoorn und die Umgebung haben auch f\u00fcr einen Aufenthalt mit dem Partner oder der Familie viel zu bieten! <\/p>\n<p>Hoorn ist eine alte niederl\u00e4ndische Stadt, die bereits im \u201eGoldenen Zeitalter\u201c (der niederl\u00e4ndische Name f\u00fcr das 17. Jahrhundert) ein wichtiger Hafen war und in der noch viele sch\u00f6ne und historische Geb\u00e4ude aus dieser Zeit zu finden sind. Ein Spaziergang durch die belebte Altstadt und das Hafenviertel ist eine Attraktion f\u00fcr sich.<\/p>\n<p>Touristische Highlights in Hoorn und Umgebung:<br \/>\n&#8211; Das <a href=\"https:\/\/westfriesmuseum.nl\/\">Westfriesmuseum<\/a> in Hoorn, siehe https:\/\/westfriesmuseum.nl\/<br \/>\n&#8211; Die <a href=\"https:\/\/www.stoomtram.nl\/\">Dampfstra\u00dfenbahn zwischen Hoorn und Medemblik<\/a><br \/>\n&#8211; Die Stadtstr\u00e4nde von Hoorn und Umgebung am Markermeer<br \/>\n&#8211; Die Altstadt von Medemblik mit <a href=\"https:\/\/kasteelradboud.nl\/\">Schloss Radboud<\/a><br \/>\n&#8211; Die Altstadt von Enkhuizen mit dem <a href=\"https:\/\/www.zuiderzeemuseum.nl\/\">Zuiderzeemuseum<\/a>, einschlie\u00dflich eines Freilichtmuseums.<br \/>\n&#8211; F\u00fcr die kleinen Kinder gibt es den <a href=\"https:\/\/sprookjeswonderland.nl\/\">Themenpark Sprookjeswonderland<\/a> in Enkhuizen<br \/>\nSchlie\u00dflich ist Amsterdam mit dem Auto und dem Zug etwas mehr als eine halbe Stunde von Hoorn entfernt \u2026<\/p>\n","protected":false},"excerpt":{"rendered":"<p>&nbsp; \u00a0 Oscar Romero Open Hoorns Kampioenschap en Individueel Kampioenschap NHSB 2025 Der Schachverband Ca\u00efssa-Eenhoorn aus Hoorn organisiert dieses Wochenendturnier zusammen mit dem Tabor College Oscar Romero. Das Turnier wird zum neunten Mal organisiert und die Ergebnisse werden der FIDE-Bewertungsverarbeitung &hellip; <a href=\"https:\/\/ohk.caissa-eenhoorn.nl\/wordpress\/informatie\/informationen-auf-deutsch\/\">Lees verder <span class=\"meta-nav\">&rarr;<\/span><\/a><\/p>\n","protected":false},"author":1,"featured_media":0,"parent":29,"menu_order":0,"comment_status":"closed","ping_status":"closed","template":"","meta":{"footnotes":""},"class_list":["post-2247","page","type-page","status-publish","hentry"],"_links":{"self":[{"href":"https:\/\/ohk.caissa-eenhoorn.nl\/wordpress\/wp-json\/wp\/v2\/pages\/2247","targetHints":{"allow":["GET"]}}],"collection":[{"href":"https:\/\/ohk.caissa-eenhoorn.nl\/wordpress\/wp-json\/wp\/v2\/pages"}],"about":[{"href":"https:\/\/ohk.caissa-eenhoorn.nl\/wordpress\/wp-json\/wp\/v2\/types\/page"}],"author":[{"embeddable":true,"href":"https:\/\/ohk.caissa-eenhoorn.nl\/wordpress\/wp-json\/wp\/v2\/users\/1"}],"replies":[{"embeddable":true,"href":"https:\/\/ohk.caissa-eenhoorn.nl\/wordpress\/wp-json\/wp\/v2\/comments?post=2247"}],"version-history":[{"count":4,"href":"https:\/\/ohk.caissa-eenhoorn.nl\/wordpress\/wp-json\/wp\/v2\/pages\/2247\/revisions"}],"predecessor-version":[{"id":2278,"href":"https:\/\/ohk.caissa-eenhoorn.nl\/wordpress\/wp-json\/wp\/v2\/pages\/2247\/revisions\/2278"}],"up":[{"embeddable":true,"href":"https:\/\/ohk.caissa-eenhoorn.nl\/wordpress\/wp-json\/wp\/v2\/pages\/29"}],"wp:attachment":[{"href":"https:\/\/ohk.caissa-eenhoorn.nl\/wordpress\/wp-json\/wp\/v2\/media?parent=2247"}],"curies":[{"name":"wp","href":"https:\/\/api.w.org\/{rel}","templated":true}]}}